{"id":9,"date":"2016-07-02T23:41:36","date_gmt":"2016-07-03T04:41:36","guid":{"rendered":"http:\/\/www.tortrillas.com.mx\/wordpress\/?page_id=9"},"modified":"2020-09-03T14:08:24","modified_gmt":"2020-09-03T19:08:24","slug":"preguntas-frecuentes","status":"publish","type":"page","link":"http:\/\/www.tortrillas.com.mx\/wordpress\/preguntas-frecuentes\/","title":{"rendered":"Preguntas frecuentes"},"content":{"rendered":"<p>Para tu conveniencia, las preguntas m\u00e1s frecuentes de nuestros clientes est\u00e1n aqu\u00ed.<\/p>\n<p>\u00bfNo encuentras lo que quieres? Comun\u00edcate directamente a trav\u00e9s de nuestra p\u00e1gina <a title=\"Cont\u00e1ctanos\" href=\"\/comunicate-con-nosotros\/\">Cont\u00e1ctanos<\/a>.<\/p>\n<p><span style=\"color: #ff6600;\">\u00bfCOMO HAGO MI PEDIDO?<\/span><\/p>\n<ol>\n<li>Elige el producto deseado e ingresar los datos que te pide.<\/li>\n<li>Da clic en el bot\u00f3n de <span style=\"color: #ff6600;\">AGREGAR AL CARRITO.<\/span><\/li>\n<li>Una vez hayas agregado todos los productos deseados(m\u00ednimo de compra 20 paquetes), elige la opci\u00f3n<span style=\"color: #ff6600;\"><span style=\"color: #000000;\">\u00a0<span style=\"color: #ff6600;\">CAMBIAR DIRECCI\u00d3N<\/span><\/span><\/span> colocar c\u00f3digo postal y<span style=\"color: #ff6600;\"><span style=\"color: #000000;\"><span style=\"color: #ff6600;\"><span style=\"color: #000000;\"> <span style=\"color: #ff6600;\">ACTUALIZAR.<\/span><\/span><\/span><\/span><\/span><\/li>\n<li>\u00a0Llenar el formulario con sus datos y con la direcci\u00f3n de env\u00edo.<\/li>\n<li>Presionar<span style=\"color: #ff6600;\"> FINALIZAR COMPRA\u00a0<\/span> para elegir forma de pago.<\/li>\n<\/ol>\n<p><span style=\"color: #ff6600;\">\u00bfQU\u00c9 SIGUE DESPU\u00c9S DE REALIZAR MI PEDIDO?<\/span><\/p>\n<p style=\"padding-left: 40px;\">Cuando completen el pago de su pedido recibir\u00e1 un correo de confirmaci\u00f3n con informaci\u00f3n sobre el pedido que acaba de realizar.<\/p>\n<p><span style=\"color: #ff6600;\">TENGO UN CUP\u00d3N DE DESCUENTO\u00bfC\u00d3MO LO UTILIZO?<\/span><\/p>\n<p style=\"padding-left: 40px;\">Para aplicar un descuento en tu compra mediante un c\u00f3digo promocional, solo has de a\u00f1adir y aplicar el cup\u00f3n este solo aplicara en compra m\u00ednima de 150 kg.<\/p>\n<p><span style=\"color: #ff6600;\">\u00bfQU\u00c9 OPCIONES DE PAGO ACEPTAN?<\/span><\/p>\n<ol>\n<li>Efectivo (contra entrega)<\/li>\n<li>Transferencia Electr\u00f3nica<\/li>\n<\/ol>\n<p><span style=\"color: #ff6600;\">\u00bfDONDE SE ENCUENTRAN UBICADOS?<\/span><\/p>\n<p>Coacalco Estado de M\u00e9xico<\/p>\n<p><span style=\"color: #ff6600;\">\u00bfCU\u00c1L ES EL COSTO DE ENV\u00cdO?<\/span><\/p>\n<p>Gratis<\/p>\n<p><span style=\"color: #ff6600;\">\u00bfCU\u00c1NTO TIEMPO TARDA EN LLEGAR EL PEDIDO?<\/span><\/p>\n<p>El plazo estimado de entrega es de 7 d\u00edas h\u00e1biles (por d\u00eda h\u00e1bil se entiende aquellos marcados de lunes a viernes).<\/p>\n<p><span style=\"color: #ff6600;\">\u00bfQU\u00c9 PUEDO HACER SI EL PRODUCTO LLEGO DA\u00d1ADO?<\/span><\/p>\n<p>Si el producto llega da\u00f1ado puede reportarlo el mismo d\u00eda de la entrega y le enviaremos uno nuevo sin costo adicional.<\/p>\n<p><span style=\"color: #ff6600;\">\u00bfCOMO PUEDO SOLICITAR FACTURA?<\/span><\/p>\n<p>Puede realizar la solicitud de factura escribiendo al correo facturacion@tortrillas.com.mx hacerlo dentro del mes que se efectu\u00f3 la compra proporcionar:<\/p>\n<ul>\n<li>Datos Fiscales<\/li>\n<li>Forma de pago<\/li>\n<li>M\u00e9todo de pago<\/li>\n<li>Uso de CFDI<\/li>\n<li>Correo electr\u00f3nico a donde se enviara la factura.<\/li>\n<\/ul>\n<p style=\"padding-left: 40px;\">\n","protected":false},"excerpt":{"rendered":"<p>Para tu conveniencia, las preguntas m\u00e1s frecuentes de nuestros clientes est\u00e1n aqu\u00ed. \u00bfNo encuentras lo que quieres? Comun\u00edcate directamente a trav\u00e9s de nuestra p\u00e1gina Cont\u00e1ctanos. \u00bfCOMO HAGO MI PEDIDO? Elige el producto deseado e ingresar los datos que te pide. Da clic en el bot\u00f3n de AGREGAR AL CARRITO. Una vez hayas agregado todos los [&hellip;]<\/p>\n","protected":false},"author":1,"featured_media":0,"parent":0,"menu_order":14,"comment_status":"closed","ping_status":"closed","template":"","meta":[],"_links":{"self":[{"href":"http:\/\/www.tortrillas.com.mx\/wordpress\/wp-json\/wp\/v2\/pages\/9"}],"collection":[{"href":"http:\/\/www.tortrillas.com.mx\/wordpress\/wp-json\/wp\/v2\/pages"}],"about":[{"href":"http:\/\/www.tortrillas.com.mx\/wordpress\/wp-json\/wp\/v2\/types\/page"}],"author":[{"embeddable":true,"href":"http:\/\/www.tortrillas.com.mx\/wordpress\/wp-json\/wp\/v2\/users\/1"}],"replies":[{"embeddable":true,"href":"http:\/\/www.tortrillas.com.mx\/wordpress\/wp-json\/wp\/v2\/comments?post=9"}],"version-history":[{"count":13,"href":"http:\/\/www.tortrillas.com.mx\/wordpress\/wp-json\/wp\/v2\/pages\/9\/revisions"}],"predecessor-version":[{"id":670,"href":"http:\/\/www.tortrillas.com.mx\/wordpress\/wp-json\/wp\/v2\/pages\/9\/revisions\/670"}],"wp:attachment":[{"href":"http:\/\/www.tortrillas.com.mx\/wordpress\/wp-json\/wp\/v2\/media?parent=9"}],"curies":[{"name":"wp","href":"https:\/\/api.w.org\/{rel}","templated":true}]}}